factors of u.
19
Let w(p) = p**3 - 6*p**2 + 7*p - 7. Let k be w(5). Let g be k + (-4 - -2) + 7. Suppose 0 = a - g - 4. List the prime factors of a.
2, 3
Let c = -225 + 334. List the prime factors of c.
109
Let m = 6 + -3. Suppose -3*t - 12 = 0, m*g - 32 = -g - 4*t. List the prime factors of g.
2, 3
Let l = -10 + 2. Let z = l + 12. What are the prime factors of z?
2
Let m = -26 - 4. Let b = m + 44. What are the prime factors of 260/28 - 4/b?
3
Let g(j) = -j + 6. Let t be g(10). Let d(b) = b**3 + 5*b**2 + 4*b - 1. Let l be d(t). Let h = 4 - l. List the prime factors of h.
5
Suppose -2*a - 1120 = -4*u, 0*u - 4*u + 1120 = -a. List the prime factors of u.
2, 5, 7
Let g = -4 + 8. Suppose -4*t = -0*c - 5*c - 2, -g*t + 18 = 3*c. What are the prime factors of c?
2
Let z = 10 - -12. List the prime factors of (-1)/((-2)/(z/1)).
11
Suppose -29 = -s - 5*c, 7*c - 2*c = 4*s - 66. Suppose -68 = -3*r + s. List the prime factors of r.
29
List the prime factors of (-39)/(-6)*2 + -3.
2, 5
Let b(w) = w**3 - 5*w**2 + 5*w. Let n be b(4). Let q(t) = -t**2 + 2*t + 2. Let u be q(-2). What are the prime factors of 14/3 + n/u?
2
Let p be (12/(-21))/((-4)/14). Suppose 4 = 3*j - 5*w, -5*j - 5*w = -p*w - 18. What are the prime factors of j?
3
Let p(j) = -5*j**3 - 13*j**2 + 11*j + 2. Let d(q) = -4*q**3 - 13*q**2 + 11*q + 1. Let f(a) = -6*d(a) + 5*p(a). List the prime factors of f(12).
2
Suppose 7*t - 6*t = 25. List the prime factors of t.
5
Let j(r) = 2*r**2 + 7*r - 2. Let b(q) = -q**2 - 8*q. Let t be b(-8). Let o(k) = -k - 5. Let g be o(t). List the prime factors of j(g).
13
Let b be (44 - 1)*8/8. Let d = -8 - -12. Suppose 7 = -d*a + b. What are the prime factors of a?
3
Let f(a) = -7*a - 2. Let h be f(-3). Let n = h - 13. List the prime factors of n/(-9)*(-18)/4.
3
Suppose -341 = -5*k - 3*j, 0 = -4*j - 0*j + 8. Let w = k + -39. What are the prime factors of w?
2, 7
Let i = -37 + 117. Suppose 4*z - i = -0*z. What are the prime factors of z?
2, 5
Suppose s = 3*g - 6, -2*g + 18 = s + 3*g. Suppose s*q = -u + 17, q = -5*u + 6*q - 15. Suppose 0 = -2*i + u + 12. What are the prime factors of i?
7
Suppose -f - 4 = -82. Suppose -c - f = c. List the prime factors of c/(-9) - 4/(-6).
5
Let l(w) = 2*w**2 - w - 1. Let x(d) = -d**2 + 5*d + 4. Let a be x(6). List the prime factors of l(a).
3
Let h = 6 - 2. Let r be 0/(-1) + h + -4. Suppose -2*j - j + 24 = r. List the prime factors of j.
2
Let m(f) = -f**3 + 4*f**2 + 7*f - 5. Let s be m(5). Suppose s*r - 78 = -2*j, 0*r + r = -j + 18. List the prime factors of r.
2, 7
Let x be ((-2)/(-1))/((-6)/(-3)). Let n(h) = 7*h**2 - h + 1. What are the prime factors of n(x)?
7
Suppose 0 = -x + 5*y + 38, 2 + 1 = x + 2*y. List the prime factors of x.
13
Suppose -2*i + 50 = -3*h, -3*i - h = -2*i - 20. Let f = i - 2. What are the prime factors of f?
2, 5
Suppose -119 = -2*i - 41. List the prime factors of i.
3, 13
List the prime factors of (-10514)/(-35) + -1 + (-9)/(-15).
2, 3, 5
Suppose -2*g - 3*q + 29 = 0, 3*g - 4 = -2*q + 27. Suppose 0 = -2*y - g - 3. Let t = 1 - y. List the prime factors of t.
2, 3
Let w(c) = c**3 - 11*c**2 + 3*c - 18. List the prime factors of w(12).
2, 3
List the prime factors of 1122/30 + 6/(-15).
37
Let x(o) = o**2 + 7*o + 3. Let i be x(-5). Let m(g) = -g**2 - 9*g - 2. What are the prime factors of m(i)?
2, 3
Let l(x) = -x**3 - 13*x**2 - 13*x - 9. Let s be l(-12). Suppose -t + 0 + 36 = -o, -s*o - 40 = -t. What are the prime factors of t?
2, 17
Let q(g) = -3*g**3 - 2*g**2 + 3*g + 3. Let i be q(-2). Suppose -u + i = -7. List the prime factors of ((-3)/2 + 2)*u.
2, 5
Let q(a) = -a - 5. Let t be q(-5). Suppose 2*h + 0*h + 18 = t. What are the prime factors of (-3)/9 - 21/h?
2
Let v(b) = -13*b**2 - 5*b + 1. Let l(h) = 12*h**2 + 6*h - 1. Let n(k) = -5*l(k) - 6*v(k). Let a be 6/2 + 0 + -2. List the prime factors of n(a).
17
Let h = -1 + 5. Suppose 4*b - c + 1 = 0, b + h = -2*b + 4*c. Suppose b = 4*k - k + 4*p - 34, 2*k - 4*p = -4. List the prime factors of k.
2, 3
Let z(f) = -6*f**2 + 4*f. Let i be z(3). Let k(m) = 3*m**3 - 2*m**2 - 2*m + 3. Let a be k(3). Let p = a + i. List the prime factors of p.
2, 3
List the prime factors of 263 + (-5)/(4 - 9).
2, 3, 11
Let s be 2/(-4) - (-113)/2. Suppose 5*p - 2*v = 148, 0*p - 2*p + 4*v = -s. What are the prime factors of (-1 - p/(-2))/2?
7
Let b(q) = -q. Let s be b(0). Suppose s = 5*l - 6*l. Let x(z) = -z + 2. List the prime factors of x(l).
2
Let l(z) = -z**2 - 8*z - 5. Suppose -4*b + 5*o = 33, 4*b - 2*b = 4*o - 18. Let n be l(b). Suppose -n*s + 10 = -0*s. List the prime factors of s.
5
Suppose 3*r - 41 = 2*g, 2*r = 6*r + g - 40. Let k = 16 - r. List the prime factors of k.
5
Suppose -y = -10*y + 720. What are the prime factors of y?
2, 5
Let b = 138 - 72. What are the prime factors of b?
2, 3, 11
Suppose 4*l - 46 + 10 = -4*o, -5*o = 3*l - 39. Suppose 1 - o = -y. What are the prime factors of y?
5
Let o = 9 + -1. Let f = 18 + -13. Suppose -f*y = -y - o. List the prime factors of y.
2
Suppose i = 4*y - 661, -3*i = 2*y - 4*i - 331. List the prime factors of y.
3, 5, 11
Let u(q) = q**2 - 4*q + 1. Let z be (-6)/2*8/(-6). Let t be u(z). What are the prime factors of (-1 - t)/(-2) - -3?
2
Let k(a) be the first derivative of 4*a**3/3 + a**2/2 + 2*a + 2. Let i be k(-2). Suppose 0 = -5*c + i + 44. What are the prime factors of c?
2, 3
Let d be 5 + (-1 - -2) - 2. Suppose j = 2*j + d. What are the prime factors of (11 + j)*(-24)/(-14)?
2, 3
Let z(q) = 21*q - 1. What are the prime factors of z(3)?
2, 31
Let h be (-1)/(-3) + (-11)/(-3). Suppose -b + 5*k = h*b - 240, 3*k - 272 = -5*b. List the prime factors of b.
2, 13
Let u = -59 - -91. Let y = 11 + -7. Suppose -l - y*p = 19 - 8, p = 3*l - u. What are the prime factors of l?
3
Let c = 64 + -46. What are the prime factors of c?
2, 3
Let h be 1 + 1 - (-3 - -2). Suppose -4*i + h*x - 31 = 0, -2*x - 23 = 2*i - 5*x. Let b = -1 - i. What are the prime factors of b?
3
Let w = 9 + -4. Suppose -5*l + 8 = 4*y, -18 = -w*l - y - 1. List the prime factors of l.
2
Suppose 0 = -5*t - 2*z + 9 - 2, -t + 5*z + 23 = 0. What are the prime factors of 0 - (-10)/t*6?
2, 5
Let p(z) = 12*z - 2. Let w(d) = d - 1. Let l(i) = -p(i) + 4*w(i). List the prime factors of l(-2).
2, 7
Let f = -20 - -14. Let v be 2 + (1 - 2) + f. Let g = -2 - v. What are the prime factors of g?
3
Let n(o) = 2*o - 21. What are the prime factors of n(14)?
7
Suppose -3*l - 45 = 2*l. List the prime factors of (l/(-4))/(3/16).
2, 3
Let a = -6 - -68. What are the prime factors of a?
2, 31
Suppose 6*r - 11*r = 45. Let b = r + 41. What are the prime factors of b?
2
Let q(b) = b**2 - 10*b + 2. What are the prime factors of q(11)?
13
Suppose 3*j - 435 = -3*q, -3*q + 185 + 250 = -2*j. List the prime factors of q.
5, 29
Let t(z) = -z**2 - 6*z + 6. Let m be t(-7). Let a be (1/2 - m)*-2. Let h(l) = -l**3 - 2*l**2 + 3. What are the prime factors of h(a)?
2, 3
Let l = 64 - 12. What are the prime factors of l?
2, 13
Suppose -2*s + 2*j = -5*s + 10, -j + 12 = 5*s. Let x = s + 2. Suppose -x = -2*c + 20. List the prime factors of c.
2, 3
Suppose 0 = -3*t - t + 80. What are the prime factors of t?
2, 5
Let b = 13 - 5. Let r(w) = 6*w - 10. Let j(k) = 11*k - 20. Let v(g) = 4*j(g) - 7*r(g). List the prime factors of v(b).
2, 3
Let p(v) = 5*v**2 + 1. Let g be p(-1). Let s = g + 8. Suppose -4*z = -3*x + s, -2*z - z - 8 = -2*x. What are the prime factors of x?
2, 5
Let b(f) be the second derivative of -f**5/20 + 5*f**4/6 + 11*f**3/6 + 5*f**2 + 10*f. What are the prime factors of b(11)?
2, 5
Let c = 561 + -325. What are the prime factors of c?
2, 59
Let c be 4/(-12) - 2/(-6). Let a = 11 + c. List the prime factors of a.
11
Suppose 0 = 3*f - 4*j - 12, 0 = -4*f + j - 3*j - 6. Let u = 5 - f. What are the prime factors of u/10 + (-5)/(-2)?
3
Suppose 9 = 3*h - 2*h. What are the prime factors of (-854)/(-49) - h/21?
17
Suppose -i = 14 - 41. Suppose 4*v + 7*b + 23 = 2*b, -b - i = 4*v. Let u(g) = g**3 + 7*g**2 - g - 2. What are the prime factors of u(v)?
5
Let t be 1 + (2 - 78)/(-2). Suppose 2*h - t - 13 = 0. What are the prime factors of h?
2, 13
Let q(z) = -22*z**3 + 7*z**2 + 7. Let r(l) = 22*l**3 - 6*l**2 - 6. Let o(c) = -6*q(c) - 7*r(c). List the prime factors of o(-1).
2, 11
Let s = 195 + -110. What are the prime factors of s?
5, 17
Sup